{"id":289,"date":"2018-06-14T09:20:44","date_gmt":"2018-06-14T07:20:44","guid":{"rendered":"https:\/\/concours-paix.francetveducation.fr\/mentions-legales"},"modified":"2020-05-16T11:18:18","modified_gmt":"2020-05-16T09:18:18","slug":"mentions-legales","status":"publish","type":"page","link":"https:\/\/concours-paix.francetveducation.fr\/edition-2020-2021\/mentions-legales\/","title":{"rendered":"Mentions l\u00e9gales"},"content":{"rendered":"<p>Editeur : FRANCE TELEVISIONS<br \/>\nSi\u00e8ge social : 7, Esplanade Henri de France 75015 PARIS<br \/>\nSoci\u00e9t\u00e9 Anonyme au capital de 347 540 000 euros<br \/>\nRCS de Paris : 432 766 947<br \/>\nDirection de la Publication : Delphine Ernotte Cunci<br \/>\nTel : (+33) 08 90 71 02 02 (0.15 \u20ac\/min)<\/p>\n<p>H\u00e9bergeur : INFOMANIAK SA<br \/>\nSiege social : Rue Eug\u00e8ne-Marziano 25, 1227 Gen\u00e8ve, Suisse<br \/>\nTel : +41 22 820 35 44<\/p>\n","protected":false},"excerpt":{"rendered":"<p>Editeur : FRANCE TELEVISIONS Si\u00e8ge social : 7, Esplanade Henri de France 75015 PARIS Soci\u00e9t\u00e9 Anonyme au capital de 347 540 000 euros RCS de Paris : 432 766 947 Direction de la Publication : Delphine Ernotte Cunci Tel : (+33) 08 90 71 02 02 (0.15 \u20ac\/min) H\u00e9bergeur : INFOMANIAK SA Siege social : [&hellip;]<\/p>\n","protected":false},"author":1,"featured_media":0,"parent":0,"menu_order":0,"comment_status":"closed","ping_status":"closed","template":"","meta":[],"_links":{"self":[{"href":"https:\/\/concours-paix.francetveducation.fr\/edition-2020-2021\/wp-json\/wp\/v2\/pages\/289"}],"collection":[{"href":"https:\/\/concours-paix.francetveducation.fr\/edition-2020-2021\/wp-json\/wp\/v2\/pages"}],"about":[{"href":"https:\/\/concours-paix.francetveducation.fr\/edition-2020-2021\/wp-json\/wp\/v2\/types\/page"}],"author":[{"embeddable":true,"href":"https:\/\/concours-paix.francetveducation.fr\/edition-2020-2021\/wp-json\/wp\/v2\/users\/1"}],"replies":[{"embeddable":true,"href":"https:\/\/concours-paix.francetveducation.fr\/edition-2020-2021\/wp-json\/wp\/v2\/comments?post=289"}],"version-history":[{"count":6,"href":"https:\/\/concours-paix.francetveducation.fr\/edition-2020-2021\/wp-json\/wp\/v2\/pages\/289\/revisions"}],"predecessor-version":[{"id":1589,"href":"https:\/\/concours-paix.francetveducation.fr\/edition-2020-2021\/wp-json\/wp\/v2\/pages\/289\/revisions\/1589"}],"wp:attachment":[{"href":"https:\/\/concours-paix.francetveducation.fr\/edition-2020-2021\/wp-json\/wp\/v2\/media?parent=289"}],"curies":[{"name":"wp","href":"https:\/\/api.w.org\/{rel}","templated":true}]}}