{"id":293,"date":"2018-06-14T09:22:04","date_gmt":"2018-06-14T07:22:04","guid":{"rendered":"https:\/\/concours-paix.francetveducation.fr\/dossier-de-presentation"},"modified":"2022-03-31T17:33:19","modified_gmt":"2022-03-31T15:33:19","slug":"dossier-de-presentation","status":"publish","type":"page","link":"https:\/\/concours-paix.francetveducation.fr\/edition-2020-2021\/dossier-de-presentation\/","title":{"rendered":"Dossier de pr\u00e9sentation"},"content":{"rendered":"<p><strong>France T\u00e9l\u00e9visions en partenariat avec l\u2019UNESCO initient pour la premi\u00e8re fois en commun un concours international de cr\u00e9ativit\u00e9 sur le th\u00e8me de la Paix \u00e0 l\u2019occasion de la Journ\u00e9e Internationale de la Paix c\u00e9l\u00e9br\u00e9e chaque 21 septembre. L&#8217;objectif du concours est d\u2019\u00e9duquer les jeunes \u00e9l\u00e8ves \u00e0 la paix \u00e0 travers le dialogue et la valorisation de la diversit\u00e9 culturelle.\u00a0<\/strong><\/p>\n<p><strong>Les 3 axes du concours pour l\u2019\u00e9dition 2018\/2019 \u00e9taient DESSINER LA PAIX, PHOTOGRAPHIER LA PAIX, FILMER LA PAIX\u00a0 <\/strong><\/p>\n<p><strong>Les 4 axes du concours pour l\u2019\u00e9dition 2020\/2021 sont JOUER LA PAIX, CHANTER LA PAIX, FILMER LA PAIX\u00a0 [CONVAINCRE] OU [ LA RUMEUR]<\/strong><\/p>\n<p>Un projet con\u00e7u et imagin\u00e9 par Nadia B\u00e9dar [France T\u00e9l\u00e9visions] et Eric Falt [UNESCO]<\/p>\n<p>Direction Unit\u00e9 Jeunesse et Education : Pierre Siracusa<br \/>\nDirection de l&#8217;Education de France T\u00e9l\u00e9visions : Anne Daroux<\/p>\n<p>Equipe initiale projet : les \u00e9quipes de l\u2019Unesco et des D\u00e9l\u00e9gations et Commissions nationales aupr\u00e8s de l\u2019UNESCO de la France, l&#8217;Argentine, la Belgique, le B\u00e9nin, le Canada, l&#8217;Inde, le Liban et la Pologne, la R\u00e9publique de Maurice, les \u00e9quipes de France t\u00e9l\u00e9visions : Nadia B\u00e9dar, Amel Cogard,\u00a0 Nelly Lefebvre, Isabelle Dupr\u00e9, Carole Pujol, St\u00e9phanie Hiez, Emmanuel Lemoine, S\u00e9bastien Fagniez avec la contribution externe (technique et graphique) de Jean-Baptiste Louvet et Olivier Stern.<\/p>\n<p>Contacts \u00e0 France T\u00e9l\u00e9visions : paix.peace.leconcours@francetv.fr<br \/>\nContacts \u00e0 l\u2019UNESCO Alton Grizzle : a.grizzle@unesco.org<br \/>\nContact Presse France t\u00e9l\u00e9visions Unit\u00e9 Education : In\u00e8s Chapard ines.chapard@francetv.fr 00 33 (0)1 56 22 81 12<\/p>\n<p><strong>Pour consulter le dossier de pr\u00e9sentation des laur\u00e9ats 2022 :<\/strong><\/p>\n<p><span style=\"color: #0000ff;\"><a style=\"color: #0000ff;\" href=\"https:\/\/drive.google.com\/file\/d\/1Jx4CSN3zqwhxigjdpzMZwxEPLeEQfTbK\/view?usp=sharing\">ttps:\/\/drive.google.com\/file\/d\/1Jx4CSN3zqwhxigjdpzMZwxEPLeEQfTbK\/view?usp=sharing<\/a><\/span><\/p>\n<p><b>pour consulter le dossier de pr\u00e9sentation des laur\u00e9ats 2019 :\u00a0<\/b><\/p>\n<p><a href=\"https:\/\/drive.google.com\/file\/d\/18wxdZobgGp6qZgj6_afQgU99ucUz6Gbs\/view?usp=sharing\"><span style=\"color: #0000ff;\">https:\/\/drive.google.com\/file\/d\/18wxdZobgGp6qZgj6_afQgU99ucUz6Gbs\/view?usp=sharing<\/span><\/a><\/p>\n<p>&nbsp;<\/p>\n<p>&nbsp;<\/p>\n","protected":false},"excerpt":{"rendered":"<p>France T\u00e9l\u00e9visions en partenariat avec l\u2019UNESCO initient pour la premi\u00e8re fois en commun un concours international de cr\u00e9ativit\u00e9 sur le th\u00e8me de la Paix \u00e0 l\u2019occasion de la Journ\u00e9e Internationale de la Paix c\u00e9l\u00e9br\u00e9e chaque 21 septembre. L&#8217;objectif du concours est d\u2019\u00e9duquer les jeunes \u00e9l\u00e8ves \u00e0 la paix \u00e0 travers le dialogue et la valorisation [&hellip;]<\/p>\n","protected":false},"author":1,"featured_media":0,"parent":0,"menu_order":0,"comment_status":"closed","ping_status":"closed","template":"","meta":[],"_links":{"self":[{"href":"https:\/\/concours-paix.francetveducation.fr\/edition-2020-2021\/wp-json\/wp\/v2\/pages\/293"}],"collection":[{"href":"https:\/\/concours-paix.francetveducation.fr\/edition-2020-2021\/wp-json\/wp\/v2\/pages"}],"about":[{"href":"https:\/\/concours-paix.francetveducation.fr\/edition-2020-2021\/wp-json\/wp\/v2\/types\/page"}],"author":[{"embeddable":true,"href":"https:\/\/concours-paix.francetveducation.fr\/edition-2020-2021\/wp-json\/wp\/v2\/users\/1"}],"replies":[{"embeddable":true,"href":"https:\/\/concours-paix.francetveducation.fr\/edition-2020-2021\/wp-json\/wp\/v2\/comments?post=293"}],"version-history":[{"count":40,"href":"https:\/\/concours-paix.francetveducation.fr\/edition-2020-2021\/wp-json\/wp\/v2\/pages\/293\/revisions"}],"predecessor-version":[{"id":1787,"href":"https:\/\/concours-paix.francetveducation.fr\/edition-2020-2021\/wp-json\/wp\/v2\/pages\/293\/revisions\/1787"}],"wp:attachment":[{"href":"https:\/\/concours-paix.francetveducation.fr\/edition-2020-2021\/wp-json\/wp\/v2\/media?parent=293"}],"curies":[{"name":"wp","href":"https:\/\/api.w.org\/{rel}","templated":true}]}}