{"id":1885,"date":"2023-03-24T00:17:55","date_gmt":"2023-03-23T23:17:55","guid":{"rendered":"https:\/\/concours-paix.francetveducation.fr\/?page_id=1885"},"modified":"2023-12-26T20:54:03","modified_gmt":"2023-12-26T19:54:03","slug":"dossier-de-presentation-4","status":"publish","type":"page","link":"https:\/\/concours-paix.francetveducation.fr\/edition-2022-2023\/dossier-de-presentation-4\/","title":{"rendered":"DOSSIER DE PRESENTATION"},"content":{"rendered":"<p><strong>France T\u00e9l\u00e9visions en partenariat avec l\u2019UNESCO initient pour la premi\u00e8re fois en commun un concours international de cr\u00e9ativit\u00e9 sur le th\u00e8me de la Paix \u00e0 l\u2019occasion de la Journ\u00e9e Internationale de la Paix c\u00e9l\u00e9br\u00e9e chaque 21 septembre. L&#8217;objectif du concours est d\u2019\u00e9duquer les jeunes \u00e9l\u00e8ves \u00e0 la paix \u00e0 travers le dialogue et la valorisation de la diversit\u00e9 culturelle.\u00a0<\/strong><\/p>\n<p><strong>Les 3 axes du concours pour l\u2019\u00e9dition 2018\/2019 \u00e9taient DESSINER LA PAIX, PHOTOGRAPHIER LA PAIX, FILMER LA PAIX\u00a0 <\/strong><\/p>\n<p><strong>Les 4 axes du concours pour l\u2019\u00e9dition 2020\/2021 sont JOUER LA PAIX, CHANTER LA PAIX, FILMER LA PAIX\u00a0 [CONVAINCRE] OU [ LA RUMEUR]<\/strong><\/p>\n<p><strong>Les 5 axes du concours pour l&#8217;\u00e9dition 2022\/2023 sont<\/strong> C<strong>HANTER LA PAIX- CHORALE, FILMER LA PAIX [CONVAINCRE], PHOTOGRAPHIER LA PAIX, CHANTER LA PAIX [LE PREMIER PAS], FILMER LA PAIX |LE PARDON]\u00a0<\/strong><\/p>\n<p><strong>Les 5 axes du concours pour l&#8217;\u00e9dition 2023\/2024 sont CHANTER LA PAIX- LE CRI, FILMER LA PAIX- LE COURAGE, DESSINER LA PAIX- LA COLOMBE INNATTENDUE, DESSINER LA PAIX-ARTISANS DE PAIX et CUISINER LA PAIX- ESPERER\u00a0<\/strong><\/p>\n<p>Un projet con\u00e7u et imagin\u00e9 par Nadia B\u00e9dar [France T\u00e9l\u00e9visions] avec la participation de Eric Falt [UNESCO]<\/p>\n<p>Direction Unit\u00e9 Jeunesse et Education : Pierre Siracusa<br \/>\nDirection de l&#8217;Education de France T\u00e9l\u00e9visions : Anne Daroux<\/p>\n<p>Equipe projet : les \u00e9quipes de l\u2019UNESCO et des D\u00e9l\u00e9gations et Commissions nationales aupr\u00e8s de l\u2019UNESCO de la France, l&#8217;Argentine, la Belgique, le B\u00e9nin, le Canada, l&#8217;Inde, le Liban, la Pologne, la R\u00e9publique de Maurice, le Japon, l&#8217;Ukraine,\u00a0 la Gambie, le Royaume Uni, le Portugal,\u00a0 Oman. Les \u00e9quipes de France t\u00e9l\u00e9visions : Anne Daroux, Nadia B\u00e9dar , Isabelle Dupr\u00e9, St\u00e9phanie Hiez, H\u00e9l\u00e8ne Marteau, Madeline Imbert. Equipe num\u00e9rique initiale : Nelly Lefebvre, Emmanuel Lemoine, S\u00e9bastien Fagniez. Contribution externe (technique et graphique)\u00a0 Jean-Baptiste Louvet et Olivier Stern.<\/p>\n<p>Contacts \u00e0 France T\u00e9l\u00e9visions : paix.peace.leconcours@francetv.fr<br \/>\nContacts \u00e0 l\u2019UNESCO Alton Grizzle : a.grizzle@unesco.org<br \/>\nContact Presse France t\u00e9l\u00e9visions Unit\u00e9 Education : H\u00e9l\u00e8ne Marteau helene.marteau@francetv.fr\u00a0 \u00a0et In\u00e8s Chapard ines.chapard@francetv.fr<\/p>\n<p>&nbsp;<\/p>\n<p>&nbsp;<\/p>\n","protected":false},"excerpt":{"rendered":"<p>France T\u00e9l\u00e9visions en partenariat avec l\u2019UNESCO initient pour la premi\u00e8re fois en commun un concours international de cr\u00e9ativit\u00e9 sur le th\u00e8me de la Paix \u00e0 l\u2019occasion de la Journ\u00e9e Internationale de la Paix c\u00e9l\u00e9br\u00e9e chaque 21 septembre. L&#8217;objectif du concours est d\u2019\u00e9duquer les jeunes \u00e9l\u00e8ves \u00e0 la paix \u00e0 travers le dialogue et la valorisation [&hellip;]<\/p>\n","protected":false},"author":4,"featured_media":0,"parent":0,"menu_order":0,"comment_status":"closed","ping_status":"closed","template":"","meta":[],"_links":{"self":[{"href":"https:\/\/concours-paix.francetveducation.fr\/edition-2022-2023\/wp-json\/wp\/v2\/pages\/1885"}],"collection":[{"href":"https:\/\/concours-paix.francetveducation.fr\/edition-2022-2023\/wp-json\/wp\/v2\/pages"}],"about":[{"href":"https:\/\/concours-paix.francetveducation.fr\/edition-2022-2023\/wp-json\/wp\/v2\/types\/page"}],"author":[{"embeddable":true,"href":"https:\/\/concours-paix.francetveducation.fr\/edition-2022-2023\/wp-json\/wp\/v2\/users\/4"}],"replies":[{"embeddable":true,"href":"https:\/\/concours-paix.francetveducation.fr\/edition-2022-2023\/wp-json\/wp\/v2\/comments?post=1885"}],"version-history":[{"count":6,"href":"https:\/\/concours-paix.francetveducation.fr\/edition-2022-2023\/wp-json\/wp\/v2\/pages\/1885\/revisions"}],"predecessor-version":[{"id":2042,"href":"https:\/\/concours-paix.francetveducation.fr\/edition-2022-2023\/wp-json\/wp\/v2\/pages\/1885\/revisions\/2042"}],"wp:attachment":[{"href":"https:\/\/concours-paix.francetveducation.fr\/edition-2022-2023\/wp-json\/wp\/v2\/media?parent=1885"}],"curies":[{"name":"wp","href":"https:\/\/api.w.org\/{rel}","templated":true}]}}